
-3
What is the value of 1 + -4 + 0 + 1?
-2
-5 + -1 - ((0 - -2) + -2)
-6
Calculate 19 + 3 + -8 + -10.
4
-1 + (6 + -1 - (1 + -2))
5
11 - 9 - (2 - -1) - -4
3
Evaluate 6 - (1 + (-8 - -7)).
6
Evaluate 5 + 8 + -10 + (0 - 0).
3
Evaluate -6 + (14 - 4) - 8.
-4
Evaluate -4 + ((-3 - -2) + -4 - -4).
-5
Calculate -3 - -5 - (4 - (-2 + 4)).
0
What is the value of (-16 - -19) + -5 + 2?
0
3 - (5 - 2 - (5 - 10))
-5
What is 6 - 0 - (0 - -21 - 11)?
-4
Calculate -6 - (-4 + 2 + 0) - -4.
0
Evaluate 2 + -10 + 19 + -1.
10
What is the value of 0 - (-8 - ((6 - 4) + 1))?
11
What is (-44 - -55) + (-1 - 4)?
6
What is 4 + -8 + (-6 + 2 - -3)?
-5
Evaluate (8 - 6) + 1 + -2.
1
What is 6 + -5 + 9 - (-3 + 8)?
5
(-2 - (-2 + -2)) + -4
-2
What is the value of -12 + 9 + (-17 - -9)?
-11
Calculate 1 + 2 + (-2 - (-6 - -10)).
-3
What is -5 - -2 - ((3 - 3) + -2)?
-1
What is -7 + 6 + 2 + -7?
-6
Evaluate -9 + 5 + -4 + 5.
-3
Evaluate 4 - ((2 - 2) + 2).
2
What is 9 + (0 - 7) + -1?
1
Calculate -4 - (-7 + 6 - 1).
-2
Evaluate (2 - -3) + -1 - (5 - 6).
5
Calculate 5 + (6 + -7 - 4).
0
What is -2 - -2 - (-1 + 3 + -6)?
4
What is the value of 12 + (-22 - (0 + -12))?
2
What is -3 - ((-8 - (-2 + 0)) + 6)?
-3
(-10 + 5 - -6 - -1) + -3
-1
Evaluate (2 - -1) + 4 + -5.
2
2 + 7 + (4 - 8)
5
What is 3 - (-9 - -4 - (-11 + 1))?
-2
What is the value of -10 + -6 + 15 + -9?
-10
Calculate (0 + 1 - 2) + 3.
2
Calculate (-27 - -45) + 1 + -7 - 3.
9
Calculate 1 + (1 + -3 - -8).
7
Calculate (-1 - 3) + (66 - 59).
3
What is the value of -4 - (1 + (0 - -2 - 9))?
2
What is 4 - ((-13 - -10) + (6 - 1))?
2
-5 + (5 - 7) - -1
-6
Calculate 9 + (7 - (24 - 5)).
-3
Calculate (-1 - -2) + 3 + -1.
3
What is 280 - 285 - (2 + (-16 - 0))?
9
0 + (-1 - 0) - -3
2
Evaluate -2 + (3 + 0 - (-11 + 12)).
0
-1 - (3 - (5 + -3 + 1))
-1
What is 6 + -4 + (-1 - 0)?
1
Calculate (0 - 4 - (-2 - 9)) + -6.
1
Evaluate -1 + -4 - (-2 + 5 - 10).
2
Evaluate -2 + -6 + (16 - 6).
2
What is -12 - -19 - 10 - (-2 - -7)?
-8
What is the value of 4 - (-5 + 2 - (2 + 1))?
10
Calculate -10 - (-13 + (7 - 0)).
-4
Evaluate (4 - 6 - (1 + -6)) + -5.
-2
Evaluate -7 - (1 - 1) - -2.
-5
Evaluate (5 - 1 - 2) + -7.
-5
What is the value of (40 - 34) + 0 + (-2 - 5)?
-1
Evaluate 1 - -1 - -2 - 2.
2
Evaluate -1 - -1 - (2 - 1).
-1
What is the value of 0 - (4 - 3) - -1?
0
Evaluate (0 - 4) + -2 + 3.
-3
What is (1 - 3) + -7 + 10?
1
Calculate 4 + -2 + 21 + -22.
1
Calculate 2 - (4 + (0 - 3)).
1
Calculate 9 + -3 - 6 - (-1 + -1).
2
Evaluate -6 + 3 - (-4 - (-3 - -2)).
0
Calculate (-1 - (4 - (1 - -11))) + -3.
4
What is the value of 10 + (-9 - -8) + -13?
-4
Evaluate 0 - (6 + 3 + -5).
-4
What is 10 - -1 - 2 - 2?
7
What is -4 - (8 - (-7 + 14)) - 2?
-7
What is 3 + -2 + 12 - 11?
2
Calculate 47 + -51 + 0 + 2 - 7.
-9
Evaluate 0 + 14 + 101 + -108.
7
Evaluate (-3 - 9) + 6 - (-3 - 0).
-3
Evaluate -6 - (-8 - (-5 + -6)).
-9
What is the value of (-5 + 17 - 7) + -6?
-1
Evaluate -6 + 9 + -4 + -3 + 1.
-3
Evaluate 58 + -53 - (2 + 1).
2
What is the value of 1 + 1 + (4 - 1)?
5
Evaluate 1 + (-4 + 12 - 16).
-7
Evaluate 10 - 7 - (6 + 2) - -5.
0
1 + -9 - (-16 - -6)
2
0 + (-3 + 3 + 9 - 4)
5
Evaluate 4 + (-4 + 8 - 5).
3
What is the value of (9 - 0) + -28 + 20?
1
What is 2 + (-2 - (-3 + 2)) + 1?
2
What is 16 + 0 + -9 + 3?
10
What is 10 - (10 - 4) - (-7 + 2)?
9
Calculate (-6 - (-8 - 0)) + -9.
-7
What is the value of -1 + 2 + -18 + 18?
1
What is 2 + (-1 - 1 - 2)?
-2
Evaluate 0 + 7 + (-4 - -2).
5
Calculate -1 + (4 - 1) + 1.
3
What is the value of -5 + (15 - (5 + 1))?
4
Calculate (6 - (-10 - -6)) + -4.
6
Calculate -7 - ((-12 - -3) + 1).
1
Evaluate -18 + 17 - (1 + 0).
-2
(7 - (-6 + 8)) + -13
-8
What is (1 - -3) + -4 - (-1 + 0)?
1
What is the value of 1 + 0 - (6 - 4 - -1)?
-2
Evaluate (4 - -1) + -3 + -6 + 6.
2
What is the value of 11 - (-12 + 8 - -20)?
-5
What is the value of 0 + 0 + -3 - -3 - 0?
0
Calculate 9 - ((23 - 11) + -1).
-2
4 - (3 - 6) - (1 - -8)
-2
What is the value of -284 + 276 + (-3 - -1)?
-10
Calculate 0 - (-2 + 5) - 0.
-3
(2 - 0 - -1) + -1
2
What is (13 - 10) + 3 + 1?
7
Evaluate -1 + (-5 - (6 - 17)).
5
(9 + -2 - 19) + 3
-9
What is (7 - (9 + -3)) + (-4 - 0)?
-3
-5 - (-14 + 3 - -5)
1
Evaluate (-2 - -3) + -2 + -3.
-4
What is 5 + 3 + -3 - 0?
5
-1 + (4 - 10) + 3
-4
-4 + -11 + 18 + -1 + 1
3
What is (4 - 3) + (2 - 5)?
-2
Calculate (-14 - -3) + 4 + 2.
-5
What is the value of (6 - 0 - 3) + -8?
-5
5 - (-1 + 5 + -2)
3
What is the value of -4 - (-7 + 3) - (2 + -7)?
5
What is (-12 - -10) + 5 + -10?
-7
(-10 - 3 - (3 - 8)) + 14
6
Calculate 10 + (0 - (-7 - -15) - -3).
5
0 + -6 + (26 - 22)
-2
Calculate -3 - (20 + -10 - 10).
-3
Calculate 0 - 3 - (-7 + -14 + 18).
0
Calculate 71 - 69 - (-2 - 1).
5
Evaluate (-3 - -1) + 8 + 99 + -99.
6
What is -6 + 3 - -3 - -2?
2
What is the value of -9 - (1 + -9 - -2)?
-3
What is the value of 11 + -15 + (4 - 1 - 5)?
-6
Evaluate (-2 - 8) + (1 - (3 - 7)).
-5
What is (-77 - -72) + (1 - 0 - 1)?
-5
What is the value of (17 - 23) + (2 - -2) + 3?
1
What is -6 - -3 - -5 - -2?
4
Evaluate 18 + -9 + -20 + 6.
-5
Calculate -4 + (22 - 11) + -10.
-3
Calculate -5 + (-4 - -12) + -11.
-8
What is (1 - -11) + -80 + 76?
8
Evaluate (-3 - -2) + 5 + -4 - -3.
3
(1 - (5 + -5 + -1)) + 4
6
Calculate 7 - (11 - (-4 + 5 - 0)).
-3
Calculate 5 + (0 + -1 - -1) - 9.
-4
Evaluate -2 + -3 + 11 + -2 + 1.
5
Calculate -6 + -6 + 3 - -10.
1
Evaluate (-1 - (-5 - (-7 + -4))) + 9.
2
Evaluate 13 + (4 - 11 - -4 - 5).
5
Evaluate -1 - (-2 - (-7 - -2)).
-4
What is the value of 4 - 4 - -2 - (1 - -1)?
0
(5 - 6 - (-2 + 0)) + 3
4
Evaluate (-1 - 3 - 1 - -9) + 1.
5
What is -1 + 1 - (-8 - (-11 - -5))?
2
(9 - 7) + 1 + -1 + 1
3
What is the value of (-12 - -2 - -10) + 0 + -2?
-2
Calculate (-4 - -8) + (1 - -2) + -2.
5
Evaluate 5 + -6 - (1 - 1) - -5.
4
Evaluate (2 - 2 - -2) + 3.
5
What is the value of -7 - -1 - (0 + -2)?
-4
Evaluate 44 + -38 - (-1 + 1 + 1).
5
Evaluate -7 - ((1 - (4 - 8)) + -9).
-3
0 - -10 - (-20 - -30)
0
Evaluate (-8 - -1 - -9) + -3.
-1
Calculate 23 - 11 - 0 - 17.
-5
What is the value of (0 + -3 - -1 - 4) + 9?
3
Calculate 17 - ((9 - -5) + -4).
7
-2 + (-3 - -1) + (9 - 2)
3
Evaluate 0 + -4 + 0 + (0 - -1).
-3
What is the value of 12 + -16 + 9 - 11?
-6
What is the value of -20 - -11 - -7 - -2?
0
What is the value of 1 - (-2 + 5) - (19 - 26)?
5
(2 - 4) + (-2 - -1) + 1
-2
What is the value of ((5 - 4) + 0 - -3) + 0?
4
What is 6 + (1 + 2 - (3 - -11))?
-5
What is the value of (5 + -11 - (-25 - -8)) + -2?
9
Evaluate -3 + 7 - (-1 - -2).
3
What is the value of 4 - 8 - (1 + 0 + -9)?
4
Calculate -3 + (4 - (-4 - -2)).
3
Evaluate -3 - (0 - -1) - -1 - -4.
1
Evaluate (6 - 5) + -4 + 2 - -3.
2
Evaluate 1 + 0 + 2 - (30 - 32).
5
(12 - (-5 + 10)) + (-3 - 12)
-8
Evaluate -6 + (3 - 1) + 3.
-1
What is -6 - (-3 + (-3 - -3)) - 0?
-3
What is 1 + -3 + (1 - 4) + 2?
-3
What is 4 - (-15 + 8 + 4)?
7
5 - (11 - (3 + 3 + -4))
-4
-2 + (7 - (14 - 8))
-1
Calculate 4 + 11 + -3 - (-1 + 10).
3
Calculate -7 + (8 - 4) + 8.
5
Calculate 52 + -52 + 2 + 1 + -8.
-5
4 + -9 + -3 - -7
-1
What is the value of 2 - (-7 - (-9 + 5) - -3)?
2
What is the value of -9 + 11 + (3 + -2 - 1)?
2
Calculate -2 - 1 - (211 - 212).
-2
10 + 0 + -9 - 9
-8
What is the value of (1 - -8 - 4) + -6?
-1
2 - (1 + 2 + 2)
-3
What is 2 + (1 - -4) + -4?
3
What is -6 + (11 - 4) + (-4 - 0)?
-3
What is the value of 1 + -1 - (26 - 29)?
3
What is 8 + ((-5 - 1) + -2 - -4)?
4
7 + -2 - (-7 + 7)
5
Calculate 20 + -7 + 0 + -6 - 14.
-7
What is the value of -3 + 13 + (-1 - 5) - 7?
-3
Calculate (-1 + 1 - -5) + -3 - -1.
3
What is 8 - 2 - (-16 - -23)?
-1
-3 + 6 - (1 - 1)
3
What is the value of -7 + (-2 - (4 - 8) - -2)?
-3
What is the value of 1 - -1 - (-4 + -3 - -1)?
8
Evaluate -36 - -48 - (2 + 6).
4
What is the value of 1 + (2 + 3 - 7 - -4)?
3
Calculate (-1 - 1) + (4 + 4 - 4).
2
What is -2 + (-2 + 9 - 8) - -11?
8
What is 9 - 11 - (1 + 0 + -1)?
-2
Evaluate 1 + -1 + (16 - 11) + 3.
8
Calculate -3 + -1 + 3 + (4 - 2).
1
Evaluate -2 - (1 - -1) - (-9 + 1).
4
What is (6 - 0) + -16 + 15?
5
What is the value of -4 + 12 + -5 + -2?
1
What is the value of -4 + 4 - 14 - (0 + -7)?
-7
0 + 3 + (-7 - -8) - 4
0
Evaluate -3 - (4 + -5) - 0.
-2
Calculate 4 - (3 - (-2 - 2 - -5)).
2
What is -11 + (5 + -7 + 2 - -5)?
-6
What is the value of 0 + (3 - 1) + -3 - -5?
4
Evaluate (-19 - -14) + (0 - 3 - -7).
-1
Calculate 5 + -13 - (-9 + -4).
5
What is the value of -13 + 4 + (-